{"id":32,"date":"2016-06-07T11:13:58","date_gmt":"2016-06-07T09:13:58","guid":{"rendered":"http:\/\/www.atf.at\/atf\/?page_id=32"},"modified":"2025-12-18T07:57:12","modified_gmt":"2025-12-18T06:57:12","slug":"brennholz","status":"publish","type":"page","link":"https:\/\/www.atf.at\/atf\/forstbetrieb-wolkersdorf\/brennholz\/","title":{"rendered":"Brennholz"},"content":{"rendered":"<p><strong>Verkauf im Forstamt Wolkersdorf<\/strong><br \/>Traun&#8217;sche Forstverwaltung Wolkersdorf<br \/>A-2120 Wolkersdorf, Rudolfgasse 1<br \/>(T) +43 (0) 2245\/2206<br \/>E-Mail: <a href=\"mailto:wolkersdorf@atf.at\">wolkersdorf@atf.at<\/a><br \/>Bestellung: (T) 02245\/2206-13 oder (M) 0664 271 91 65<\/p>\n<h2><span style=\"color: #ff6600;\"><strong>Lizitationstermine &#8211; Brennholzversteigerungen<\/strong><\/span><\/h2>\n<h5><span style=\"color: #000000;\"><a style=\"color: #000000;\" href=\"https:\/\/www.atf.at\/atf\/wp-content\/uploads\/sites\/5\/2025\/10\/Holzverkaufsnachricht-2025-u.-2026.pdf\" target=\"_blank\" rel=\"noopener\"><b>&gt;&gt; Mai\u00dfholz- und Kronenholzlizitationstermine 2025\/2026<\/b><\/a><\/span><\/h5>\n<hr \/>\n<h2><strong><span style=\"color: #008000;\">Christbaumverkauf<\/span><\/strong><\/h2>\n<h5>Termin f\u00fcr 2026 wird rechtzeitig bekannt gegeben.\u00a0<\/h5>\n<h4>\u00a0<\/h4>\n<hr \/>\n<p><strong>HOLZ<\/strong><br \/><strong>Direkt vom Erzeuger &#8211; Detailverkauf<\/strong><\/p>\n<h2><span style=\"text-decoration: underline;\"><strong>Preise f\u00fcr Brennholz<\/strong><\/span><\/h2>\n<p><strong>alles WALDRAUMMETER<\/strong><\/p>\n<p><a href=\"https:\/\/www.atf.at\/atf\/wp-content\/uploads\/sites\/5\/2025\/04\/Preisliste-Brennholz-ab-1.-5.-2025.pdf\" target=\"_blank\" rel=\"noopener\"><span style=\"color: #000000;\"><strong>&gt;&gt; Preisliste Brennholz zum Download<\/strong><\/span><\/a><\/p>\n<p>(g\u00fcltig ab 1. Mai 2025)<\/p>\n<h4><strong>Alle Preise inklusive <span style=\"color: #ff0000;\">13% Umsatzsteuer!<\/span><\/strong><\/h4>\n<h3>METERSCHEITER ab Waldstra\u00dfe (Selbstabholung)<\/h3>\n<table style=\"height: 219px;\" width=\"720\">\n<tbody>\n<tr>\n<td><strong>Holzart<\/strong><\/td>\n<td><strong>Raummeter<em> (rm)<\/em><\/strong><\/td>\n<td><strong>GROB<\/strong><br \/>Euro<\/td>\n<td><b>FEIN<\/b><br \/>Euro<\/td>\n<\/tr>\n<tr>\n<td><b>EICHE \/ ESCHE<\/b><\/td>\n<td>1-5\u00a0 \u00a0 rm<\/td>\n<td>\u20ac 110,\u2013\/rm<\/td>\n<td>\u20ac 115,\u2013\/rm<\/td>\n<\/tr>\n<tr>\n<td><b>EICHE \/ ESCHE<\/b><\/td>\n<td>5-10\u00a0 rm<\/td>\n<td>\u20ac 105,\u2013\/rm<\/td>\n<td>\u20ac 110,\u2013\/rm<\/td>\n<\/tr>\n<tr>\n<td><b>EICHE \/ ESCHE<\/b><\/td>\n<td>ab 10 rm<\/td>\n<td>\u20ac 100,\u2013\/rm<\/td>\n<td>\u20ac 105,\u2013\/rm<\/td>\n<\/tr>\n<tr>\n<td><strong>HAINBUCHE<\/strong> Staffelung wie Eiche\/Esche<\/td>\n<td>\u00a0<\/td>\n<td>+ \u20ac 10,\u2013\/rm<\/td>\n<td>+ \u20ac 10,\u2013\/rm<\/td>\n<\/tr>\n<tr>\n<td>\u00a0<\/td>\n<td>\u00a0<\/td>\n<td>\u00a0<\/td>\n<td>\u00a0<\/td>\n<\/tr>\n<\/tbody>\n<\/table>\n<p><span style=\"color: #ff0000;\"><strong>Wir verkaufen Waldraummeter mit 10 cm \u00dcberma\u00df.<\/strong><\/span><br \/><strong><span style=\"color: #ff0000;\"> Dadurch haben Sie als Kunde <\/span><span style=\"color: #ff0000;\">10% mehr Holz<\/span><span style=\"color: #ff0000;\"> als beim \u00fcblichen Raummeter und erheblich mehr als beim Sch\u00fcttraummeter (Kisten, S\u00e4cke, u.\u00e4.).<\/span><\/strong><\/p>\n<h3>HARTHOLZHACKGUT ab Wald oder Halle<\/h3>\n<table style=\"height: 95px;\" width=\"278\">\n<tbody>\n<tr>\n<td><strong>Hackgut<\/strong><\/td>\n<td>1\u20135 srm<\/td>\n<td>\u20ac 50,\u2013\/srm<\/td>\n<\/tr>\n<tr>\n<td><strong>Hackgut<\/strong><\/td>\n<td>6\u201319 srm<\/td>\n<td>\u20ac 45,\u2013\/srm<\/td>\n<\/tr>\n<tr>\n<td><strong>Hackgut<\/strong><\/td>\n<td>ab 20 srm<\/td>\n<td>\u20ac 40,\u2013\/srm<\/td>\n<\/tr>\n<\/tbody>\n<\/table>\n\n\n<p><strong>NUR BARZAHLUNG M\u00d6GLICH!<\/strong><\/p>\n\n\n\n<p><strong>Information und Bestellung<\/strong> <\/p>\n\n\n\n<p>Forstverwaltung Wolkersdorf: 0664\/2719165 oder 0664\/1352896<\/p>\n\n\n\n<p><\/p>\n","protected":false},"excerpt":{"rendered":"<p>Verkauf im Forstamt WolkersdorfTraun&#8217;sche Forstverwaltung WolkersdorfA-2120 Wolkersdorf, Rudolfgasse 1(T) +43 (0) 2245\/2206E-Mail: wolkersdorf@atf.atBestellung: (T) 02245\/2206-13 oder (M) 0664 271 91 65 Lizitationstermine &#8211; Brennholzversteigerungen &gt;&gt; Mai\u00dfholz- und Kronenholzlizitationstermine 2025\/2026 Christbaumverkauf Termin f\u00fcr 2026 wird rechtzeitig bekannt gegeben.\u00a0 \u00a0 HOLZDirekt vom Erzeuger &#8211; Detailverkauf Preise f\u00fcr Brennholz alles WALDRAUMMETER &gt;&gt; Preisliste Brennholz zum Download (g\u00fcltig ab&hellip;<\/p>\n","protected":false},"author":4,"featured_media":0,"parent":18,"menu_order":40,"comment_status":"closed","ping_status":"closed","template":"","meta":{"footnotes":""},"class_list":["post-32","page","type-page","status-publish","hentry"],"_links":{"self":[{"href":"https:\/\/www.atf.at\/atf\/wp-json\/wp\/v2\/pages\/32","targetHints":{"allow":["GET"]}}],"collection":[{"href":"https:\/\/www.atf.at\/atf\/wp-json\/wp\/v2\/pages"}],"about":[{"href":"https:\/\/www.atf.at\/atf\/wp-json\/wp\/v2\/types\/page"}],"author":[{"embeddable":true,"href":"https:\/\/www.atf.at\/atf\/wp-json\/wp\/v2\/users\/4"}],"replies":[{"embeddable":true,"href":"https:\/\/www.atf.at\/atf\/wp-json\/wp\/v2\/comments?post=32"}],"version-history":[{"count":188,"href":"https:\/\/www.atf.at\/atf\/wp-json\/wp\/v2\/pages\/32\/revisions"}],"predecessor-version":[{"id":547,"href":"https:\/\/www.atf.at\/atf\/wp-json\/wp\/v2\/pages\/32\/revisions\/547"}],"up":[{"embeddable":true,"href":"https:\/\/www.atf.at\/atf\/wp-json\/wp\/v2\/pages\/18"}],"wp:attachment":[{"href":"https:\/\/www.atf.at\/atf\/wp-json\/wp\/v2\/media?parent=32"}],"curies":[{"name":"wp","href":"https:\/\/api.w.org\/{rel}","templated":true}]}}