{"id":1340,"date":"2025-12-01T23:15:12","date_gmt":"2025-12-01T22:15:12","guid":{"rendered":"https:\/\/www.atf.at\/klangburg\/?page_id=1340"},"modified":"2026-02-17T19:26:13","modified_gmt":"2026-02-17T18:26:13","slug":"programm","status":"publish","type":"page","link":"https:\/\/www.atf.at\/klangburg\/veranstaltungen\/programm\/","title":{"rendered":"Programm 2026"},"content":{"rendered":"\n<div class=\"wp-block-columns is-layout-flex wp-container-core-columns-is-layout-1 wp-block-columns-is-layout-flex\">\n<div class=\"wp-block-column is-layout-flow wp-block-column-is-layout-flow\">\n<div style=\"height:30px\" aria-hidden=\"true\" class=\"wp-block-spacer\"><\/div>\n\n\n\n<p class=\"hervorhebung01\">Online-Buchungen \u00fcber <a href=\"https:\/\/www.eventim-light.com\/at\/a\/676191e2967243041fa57a50\/\" target=\"_blank\" rel=\"noreferrer noopener\"><strong>oeticket-light<\/strong><\/a> m\u00f6glich!<br><\/p>\n\n\n\n<ul class=\"wp-block-list\">\n<li>Buchungen per E-Mail<strong>:<\/strong> <a href=\"mailto:klangburg.rappottenstein@gmail.com?subject=Klangburg Rappottenstein - Konzertreservierung\">klangburg.rappottenstein@gmail.com<\/a><br><\/li>\n\n\n\n<li>Weitere Ausk\u00fcnfte unter Tel. <a href=\"tel:+436644978528\">0664\/497 85 28<\/a><br>(Bitte<strong> keine Kartenreservierungen<\/strong> \u00fcber diese Tel-Nr, <br>wir bevorzugen die Buchung \u00fcber \u00d6-Ticket.)<\/li>\n<\/ul>\n<\/div>\n<\/div>\n\n\n\n<hr class=\"wp-block-separator has-text-color has-cyan-bluish-gray-color has-alpha-channel-opacity has-cyan-bluish-gray-background-color has-background is-style-default\"\/>\n\n\n\n<div class=\"wp-block-group\"><div class=\"wp-block-group__inner-container is-layout-constrained wp-block-group-is-layout-constrained\">\n<div class=\"wp-block-columns is-layout-flex wp-container-core-columns-is-layout-2 wp-block-columns-is-layout-flex\">\n<div class=\"wp-block-column is-layout-flow wp-block-column-is-layout-flow\">\n<p class=\"prog_datum\">Samstag, 13. Juni 2026 | 19:30 Uhr<\/p>\n\n\n\n<p class=\"prog_titel\">HORAK SPIELT OSTBAHN<\/p>\n\n\n\n<p class=\"prog_subtitel\">&#8222;Lieder, die jeder kennt, G\u00e4nsehaut und Party pur&#8220;<\/p>\n<\/div>\n<\/div>\n\n\n\n<div class=\"wp-block-columns is-layout-flex wp-container-core-columns-is-layout-3 wp-block-columns-is-layout-flex\">\n<div class=\"wp-block-column is-layout-flow wp-block-column-is-layout-flow\">\n<figure class=\"wp-block-image size-full\"><a href=\"https:\/\/www.atf.at\/klangburg\/wp-content\/uploads\/sites\/4\/2025\/12\/2026-06-13_HorakOstbahn_Klangburg_web.jpg\"><img loading=\"lazy\" decoding=\"async\" width=\"800\" height=\"489\" src=\"https:\/\/www.atf.at\/klangburg\/wp-content\/uploads\/sites\/4\/2025\/12\/2026-06-13_HorakOstbahn_Klangburg_web.jpg\" alt=\"Konzert Klangburg Rappottenstein - Horak spielt Ostbahn\" class=\"wp-image-1547\" srcset=\"https:\/\/www.atf.at\/klangburg\/wp-content\/uploads\/sites\/4\/2025\/12\/2026-06-13_HorakOstbahn_Klangburg_web.jpg 800w, https:\/\/www.atf.at\/klangburg\/wp-content\/uploads\/sites\/4\/2025\/12\/2026-06-13_HorakOstbahn_Klangburg_web-300x183.jpg 300w, https:\/\/www.atf.at\/klangburg\/wp-content\/uploads\/sites\/4\/2025\/12\/2026-06-13_HorakOstbahn_Klangburg_web-768x469.jpg 768w\" sizes=\"auto, (max-width: 800px) 100vw, 800px\" \/><\/a><\/figure>\n<\/div>\n\n\n\n<div class=\"wp-block-column is-layout-flow wp-block-column-is-layout-flow\">\n<p>HORAK spielt OSTBAHN ist die zeitgem\u00e4\u00dfe Version dieser Musik. Nicht mehr, nicht weniger! \u201eWir sind weder eine Ostbahn Tribute Band noch eine Ostbahn Cover Band \u2013 wir sind das ORIGINAL!\u201c, sagt Leo Bei alias Karl Horak. Leo Bei ist das einzige noch lebende Mitglied des urspr\u00fcnglichen Produktionsteams von \u201eOstbahn Kurti &amp; der Chefpartie\u201c. Titel wie \u201eFeuer\u201c, \u201eArbeit\u201c, \u201eI hea di klopfn\u201c, \u201eDa Joker\u201c oder \u201e57er Chevy\u201c, &#8230;<\/p>\n\n\n\n<p>Link zur Band: <a href=\"http:\/\/www.karlhorak.com\/\" target=\"_blank\" rel=\"noreferrer noopener\">http:\/\/www.karlhorak.com\/<\/a><\/p>\n\n\n\n<p><strong>Veranstaltungsort:<\/strong> Wirtschaftshof, im Freien<br><strong>Eintritt: <\/strong>\u20ac 25,00 VVK | 28,00 AK <\/p>\n\n\n\n<p class=\"text_ermaessigung has-small-font-size\"><\/p>\n\n\n\n<div class=\"wp-block-buttons is-layout-flex wp-block-buttons-is-layout-flex\">\n<div class=\"wp-block-button has-custom-font-size button_oeticket has-small-font-size\"><a class=\"wp-block-button__link has-black-color has-luminous-vivid-amber-background-color has-text-color has-background has-link-color wp-element-button\" href=\"https:\/\/www.eventim-light.com\/at\/a\/676191e2967243041fa57a50\/e\/692de6265672d735b6e18e37\" style=\"border-radius:4px\" target=\"_blank\" rel=\"noreferrer noopener\">\u00fcber oeticket buchen<\/a><\/div>\n\n\n\n<div class=\"wp-block-button has-custom-font-size button_email has-small-font-size\"><a class=\"wp-block-button__link has-black-color has-luminous-vivid-amber-background-color has-text-color has-background has-link-color wp-element-button\" href=\"mailto:klangburg.rappottenstein@gmail.com?subject=Klangburg Rappottenstein - Konzertreservierung Horak spielt Ostbahn - 13.06.2026\" style=\"border-radius:4px\">E-Mail <\/a><\/div>\n<\/div>\n<\/div>\n<\/div>\n\n\n\n<p class=\"has-text-align-left text_info01 has-small-font-size\"><\/p>\n\n\n\n<p class=\"has-text-align-left has-small-font-size\">Foto: (c) Black Cat AnDreABEI<\/p>\n\n\n\n<hr class=\"wp-block-separator has-text-color has-cyan-bluish-gray-color has-alpha-channel-opacity has-cyan-bluish-gray-background-color has-background is-style-default\"\/>\n<\/div><\/div>\n\n\n\n<div class=\"wp-block-group\"><div class=\"wp-block-group__inner-container is-layout-constrained wp-block-group-is-layout-constrained\">\n<div class=\"wp-block-columns is-layout-flex wp-container-core-columns-is-layout-4 wp-block-columns-is-layout-flex\">\n<div class=\"wp-block-column is-layout-flow wp-block-column-is-layout-flow\">\n<p class=\"prog_datum\">Samstag, 27. Juni 2026 | 19:30 Uhr<\/p>\n\n\n\n<p class=\"prog_titel\">V\u00dc BESSA<\/p>\n\n\n\n<p class=\"prog_subtitel\">&#8222;Afoch leiwand, afoch l\u00e4ssig, afoch V\u00fc Bessa!&#8220;<\/p>\n<\/div>\n<\/div>\n\n\n\n<div class=\"wp-block-columns is-layout-flex wp-container-core-columns-is-layout-5 wp-block-columns-is-layout-flex\">\n<div class=\"wp-block-column is-layout-flow wp-block-column-is-layout-flow\">\n<figure class=\"wp-block-image size-full\"><a href=\"https:\/\/www.atf.at\/klangburg\/wp-content\/uploads\/sites\/4\/2025\/12\/2026-06-27_VueBessa_web.jpg\"><img loading=\"lazy\" decoding=\"async\" width=\"800\" height=\"533\" src=\"https:\/\/www.atf.at\/klangburg\/wp-content\/uploads\/sites\/4\/2025\/12\/2026-06-27_VueBessa_web.jpg\" alt=\"Klangburg Konzert V\u00fc Bessa, Bild Andreas Leitner\" class=\"wp-image-1548\" srcset=\"https:\/\/www.atf.at\/klangburg\/wp-content\/uploads\/sites\/4\/2025\/12\/2026-06-27_VueBessa_web.jpg 800w, https:\/\/www.atf.at\/klangburg\/wp-content\/uploads\/sites\/4\/2025\/12\/2026-06-27_VueBessa_web-300x200.jpg 300w, https:\/\/www.atf.at\/klangburg\/wp-content\/uploads\/sites\/4\/2025\/12\/2026-06-27_VueBessa_web-768x512.jpg 768w\" sizes=\"auto, (max-width: 800px) 100vw, 800px\" \/><\/a><\/figure>\n<\/div>\n\n\n\n<div class=\"wp-block-column is-layout-flow wp-block-column-is-layout-flow\">\n<p>Das Repertoire der Band umspannt einen weiten Bogen von Evergreens der 70er Jahre bis hin zu aktuellen Hits, von Rock bis Austropop \u2026.<\/p>\n\n\n\n<p><strong>Veranstaltungsort:<\/strong> Wirtschaftshof, im Freien<br><strong>Eintritt: <\/strong>\u20ac 20,00 VVK | 23,00 AK<\/p>\n\n\n\n<p class=\"text_ermaessigung has-small-font-size\"><\/p>\n\n\n\n<div class=\"wp-block-buttons is-layout-flex wp-block-buttons-is-layout-flex\">\n<div class=\"wp-block-button has-custom-font-size button_oeticket has-small-font-size\"><a class=\"wp-block-button__link has-black-color has-luminous-vivid-amber-background-color has-text-color has-background has-link-color wp-element-button\" href=\"https:\/\/www.eventim-light.com\/at\/a\/676191e2967243041fa57a50\/e\/692debbfe54d302ec82b506b\" style=\"border-radius:4px\" target=\"_blank\" rel=\"noreferrer noopener\">\u00fcber oeticket buchen<\/a><\/div>\n\n\n\n<div class=\"wp-block-button has-custom-font-size button_email has-small-font-size\"><a class=\"wp-block-button__link has-black-color has-luminous-vivid-amber-background-color has-text-color has-background has-link-color wp-element-button\" href=\"mailto:klangburg.rappottenstein@gmail.com?subject=Klangburg Rappottenstein - Konzertreservierung V\u00fc bessa - 27.06.2026\" style=\"border-radius:4px\" rel=\" nofollow\">E-Mail <\/a><\/div>\n<\/div>\n<\/div>\n<\/div>\n\n\n\n<p class=\"has-text-align-left text_info01 has-small-font-size\"><\/p>\n\n\n\n<p class=\"has-text-align-left has-small-font-size\">Foto: (c) Andreas Leitner<\/p>\n\n\n\n<hr class=\"wp-block-separator has-text-color has-cyan-bluish-gray-color has-alpha-channel-opacity has-cyan-bluish-gray-background-color has-background is-style-default\"\/>\n<\/div><\/div>\n\n\n\n<div class=\"wp-block-group\"><div class=\"wp-block-group__inner-container is-layout-constrained wp-block-group-is-layout-constrained\">\n<div class=\"wp-block-columns is-layout-flex wp-container-core-columns-is-layout-6 wp-block-columns-is-layout-flex\">\n<div class=\"wp-block-column is-layout-flow wp-block-column-is-layout-flow\">\n<p class=\"prog_datum\">Samstag, 11. Juli 2026 | 19:30 Uhr<\/p>\n\n\n\n<p class=\"prog_titel\">THE RIDIN&#8216; DUDES<\/p>\n\n\n\n<p class=\"prog_subtitel\">&#8222;Best of Rock &amp; Soul\u201c feat. Special Guest Tini Kainrath<\/p>\n<\/div>\n<\/div>\n\n\n\n<div class=\"wp-block-columns is-layout-flex wp-container-core-columns-is-layout-7 wp-block-columns-is-layout-flex\">\n<div class=\"wp-block-column is-layout-flow wp-block-column-is-layout-flow\">\n<figure class=\"wp-block-image size-full\"><a href=\"https:\/\/www.atf.at\/klangburg\/wp-content\/uploads\/sites\/4\/2025\/12\/2026-07-11_The-Ridin_Dudes_web.jpg\"><img loading=\"lazy\" decoding=\"async\" width=\"800\" height=\"501\" src=\"https:\/\/www.atf.at\/klangburg\/wp-content\/uploads\/sites\/4\/2025\/12\/2026-07-11_The-Ridin_Dudes_web.jpg\" alt=\"Konzert Klangburg Rappottenstein - The Ridin' Dudes\" class=\"wp-image-1549\" srcset=\"https:\/\/www.atf.at\/klangburg\/wp-content\/uploads\/sites\/4\/2025\/12\/2026-07-11_The-Ridin_Dudes_web.jpg 800w, https:\/\/www.atf.at\/klangburg\/wp-content\/uploads\/sites\/4\/2025\/12\/2026-07-11_The-Ridin_Dudes_web-300x188.jpg 300w, https:\/\/www.atf.at\/klangburg\/wp-content\/uploads\/sites\/4\/2025\/12\/2026-07-11_The-Ridin_Dudes_web-768x481.jpg 768w\" sizes=\"auto, (max-width: 800px) 100vw, 800px\" \/><\/a><\/figure>\n<\/div>\n\n\n\n<div class=\"wp-block-column is-layout-flow wp-block-column-is-layout-flow\">\n<p>Das neue elektrisierende Konzert-Programm &#8218;Best of Rock &amp; Soul&#8216; die gr\u00f6\u00dften Hits der 50er, 60er und 70er Jahre mit einer atemberaubenden Reise durch diese einzigartige Musik-\u00c4ra.<\/p>\n\n\n\n<p>Link zur Band: <a href=\"https:\/\/www.theridindudes.com\" target=\"_blank\" rel=\"noreferrer noopener\">https:\/\/www.theridindudes.com<\/a><\/p>\n\n\n\n<p><strong>Veranstaltungsort:<\/strong> Wirtschaftshof, im Freien<br><strong>Eintritt: <\/strong>\u20ac 20,00 VVK | 23,00 AK<\/p>\n\n\n\n<p class=\"text_ermaessigung has-small-font-size\"><\/p>\n\n\n\n<div class=\"wp-block-buttons is-layout-flex wp-block-buttons-is-layout-flex\">\n<div class=\"wp-block-button has-custom-font-size button_oeticket has-small-font-size\"><a class=\"wp-block-button__link has-black-color has-luminous-vivid-amber-background-color has-text-color has-background has-link-color wp-element-button\" href=\"https:\/\/www.eventim-light.com\/at\/a\/676191e2967243041fa57a50\/e\/692ded88e54d302ec82b50dd\" style=\"border-radius:4px\" target=\"_blank\" rel=\"noreferrer noopener\">\u00fcber oeticket buchen<\/a><\/div>\n\n\n\n<div class=\"wp-block-button has-custom-font-size button_email has-small-font-size\"><a class=\"wp-block-button__link has-black-color has-luminous-vivid-amber-background-color has-text-color has-background has-link-color wp-element-button\" href=\"mailto:klangburg.rappottenstein@gmail.com?subject=Klangburg Rappottenstein - Konzertreservierung Ridin Dudes - 11.07.2026\" style=\"border-radius:4px\" rel=\"nofollow\">E-Mail <\/a><\/div>\n<\/div>\n<\/div>\n<\/div>\n\n\n\n<p class=\"has-text-align-left text_info01 has-small-font-size\"><\/p>\n\n\n\n<p class=\"has-text-align-left has-small-font-size\">Foto: (c) Peter Koppensteiner<\/p>\n\n\n\n<hr class=\"wp-block-separator has-text-color has-cyan-bluish-gray-color has-alpha-channel-opacity has-cyan-bluish-gray-background-color has-background is-style-default\"\/>\n<\/div><\/div>\n\n\n\n<div class=\"wp-block-group\"><div class=\"wp-block-group__inner-container is-layout-constrained wp-block-group-is-layout-constrained\">\n<div class=\"wp-block-columns is-layout-flex wp-container-core-columns-is-layout-8 wp-block-columns-is-layout-flex\">\n<div class=\"wp-block-column is-layout-flow wp-block-column-is-layout-flow\">\n<p class=\"prog_datum\">Samstag, 18. Juli 2026 | 19:30 Uhr<\/p>\n\n\n\n<p class=\"prog_titel\">PETER RATZENBECK, ULLI B\u00c4ER und CHRISTOPH SCHELLHORN<\/p>\n\n\n\n<p class=\"prog_subtitel\">&#8222;Die lange Nacht der Gitarren&#8220;<\/p>\n<\/div>\n<\/div>\n\n\n\n<div class=\"wp-block-columns is-layout-flex wp-container-core-columns-is-layout-9 wp-block-columns-is-layout-flex\">\n<div class=\"wp-block-column is-layout-flow wp-block-column-is-layout-flow\">\n<figure class=\"wp-block-image size-full\"><a href=\"https:\/\/www.atf.at\/klangburg\/wp-content\/uploads\/sites\/4\/2025\/12\/2026-07-18_Ratzenbeck_Baer_web.jpg\"><img loading=\"lazy\" decoding=\"async\" width=\"800\" height=\"600\" src=\"https:\/\/www.atf.at\/klangburg\/wp-content\/uploads\/sites\/4\/2025\/12\/2026-07-18_Ratzenbeck_Baer_web.jpg\" alt=\"Konzert Klangburg \" class=\"wp-image-1550\" srcset=\"https:\/\/www.atf.at\/klangburg\/wp-content\/uploads\/sites\/4\/2025\/12\/2026-07-18_Ratzenbeck_Baer_web.jpg 800w, https:\/\/www.atf.at\/klangburg\/wp-content\/uploads\/sites\/4\/2025\/12\/2026-07-18_Ratzenbeck_Baer_web-300x225.jpg 300w, https:\/\/www.atf.at\/klangburg\/wp-content\/uploads\/sites\/4\/2025\/12\/2026-07-18_Ratzenbeck_Baer_web-768x576.jpg 768w\" sizes=\"auto, (max-width: 800px) 100vw, 800px\" \/><\/a><\/figure>\n<\/div>\n\n\n\n<div class=\"wp-block-column is-layout-flow wp-block-column-is-layout-flow\">\n<p>Im Jahr 2025 feierten Ulli B\u00e4er und Peter Ratzenbeck ihr 50-j\u00e4hriges B\u00fchnenjubil\u00e4um und ihren 70. Geburtstag. Aus diesem Anlass haben sich die Beiden zusammengeschlossen, um ein paar gemeinsame Konzerte zu absolvieren. Diese sollte man auf keinen Fall vers\u00e4umen!<\/p>\n\n\n\n<p>Christoph Schellhorn, ein Tausendsassa an der Gitarre, wird die beiden Altspatzen kongenial begleiten.<\/p>\n\n\n\n<p>Link zur Band: <br><a href=\"https:\/\/www.peter-ratzenbeck.at\" target=\"_blank\" rel=\"noreferrer noopener\">https:\/\/www.peter-ratzenbeck.at<\/a><br><a href=\"http:\/\/www.ullibaer.at\/\" target=\"_blank\" rel=\"noreferrer noopener\">http:\/\/www.ullibaer.at\/<\/a><br><a href=\"https:\/\/www.christoph-schellhorn.at\" target=\"_blank\" rel=\"noreferrer noopener\">https:\/\/www.christoph-schellhorn.at<\/a><\/p>\n\n\n\n<p><strong>Veranstaltungsort:<\/strong> Wirtschaftshof, im Freien<br><strong>Eintritt: <\/strong>\u20ac 20,00 VVK | 23,00 AK<\/p>\n\n\n\n<p class=\"text_ermaessigung has-small-font-size\"><\/p>\n\n\n\n<div class=\"wp-block-buttons is-layout-flex wp-block-buttons-is-layout-flex\">\n<div class=\"wp-block-button has-custom-font-size button_oeticket has-small-font-size\"><a class=\"wp-block-button__link has-black-color has-luminous-vivid-amber-background-color has-text-color has-background has-link-color wp-element-button\" href=\"https:\/\/www.eventim-light.com\/at\/a\/676191e2967243041fa57a50\/e\/692defc45672d735b6e18f0a\" style=\"border-radius:4px\" target=\"_blank\" rel=\"noreferrer noopener\">\u00fcber oeticket buchen<\/a><\/div>\n\n\n\n<div class=\"wp-block-button has-custom-font-size button_email has-small-font-size\"><a class=\"wp-block-button__link has-black-color has-luminous-vivid-amber-background-color has-text-color has-background has-link-color wp-element-button\" href=\"mailto:klangburg.rappottenstein@gmail.com?subject=Klangburg Rappottenstein - Konzertreservierung Ratz, Baer, Schellh - 18.07.2026\" style=\"border-radius:4px\" rel=\"nofollow\">E-Mail <\/a><\/div>\n<\/div>\n<\/div>\n<\/div>\n\n\n\n<p class=\"has-text-align-left text_info01 has-small-font-size\"><\/p>\n\n\n\n<p class=\"has-text-align-left has-small-font-size\">Foto: (c) Peter Ratzenbeck<\/p>\n\n\n\n<hr class=\"wp-block-separator has-text-color has-cyan-bluish-gray-color has-alpha-channel-opacity has-cyan-bluish-gray-background-color has-background is-style-default\"\/>\n<\/div><\/div>\n\n\n\n<div class=\"wp-block-group\"><div class=\"wp-block-group__inner-container is-layout-constrained wp-block-group-is-layout-constrained\">\n<div class=\"wp-block-columns is-layout-flex wp-container-core-columns-is-layout-10 wp-block-columns-is-layout-flex\">\n<div class=\"wp-block-column is-layout-flow wp-block-column-is-layout-flow\">\n<p class=\"prog_datum\">Freitag, 31. Juli 2026 | 19:30 Uhr<\/p>\n\n\n\n<p class=\"prog_titel\">LUCAS FENDRICH &amp; BAND<\/p>\n\n\n\n<p class=\"prog_subtitel\">&#8222;Montag&#8220;<\/p>\n<\/div>\n<\/div>\n\n\n\n<div class=\"wp-block-columns is-layout-flex wp-container-core-columns-is-layout-11 wp-block-columns-is-layout-flex\">\n<div class=\"wp-block-column is-layout-flow wp-block-column-is-layout-flow\">\n<figure class=\"wp-block-image size-full\"><a href=\"https:\/\/www.atf.at\/klangburg\/wp-content\/uploads\/sites\/4\/2025\/12\/2026-07-31_LucasFendrich_web.jpg\"><img loading=\"lazy\" decoding=\"async\" width=\"800\" height=\"1200\" src=\"https:\/\/www.atf.at\/klangburg\/wp-content\/uploads\/sites\/4\/2025\/12\/2026-07-31_LucasFendrich_web.jpg\" alt=\"\" class=\"wp-image-1551\" srcset=\"https:\/\/www.atf.at\/klangburg\/wp-content\/uploads\/sites\/4\/2025\/12\/2026-07-31_LucasFendrich_web.jpg 800w, https:\/\/www.atf.at\/klangburg\/wp-content\/uploads\/sites\/4\/2025\/12\/2026-07-31_LucasFendrich_web-200x300.jpg 200w, https:\/\/www.atf.at\/klangburg\/wp-content\/uploads\/sites\/4\/2025\/12\/2026-07-31_LucasFendrich_web-683x1024.jpg 683w, https:\/\/www.atf.at\/klangburg\/wp-content\/uploads\/sites\/4\/2025\/12\/2026-07-31_LucasFendrich_web-768x1152.jpg 768w\" sizes=\"auto, (max-width: 800px) 100vw, 800px\" \/><\/a><\/figure>\n<\/div>\n\n\n\n<div class=\"wp-block-column is-layout-flow wp-block-column-is-layout-flow\">\n<p>Nach dem gro\u00dfen Erfolg seiner Weihnachtssingle \u201e<strong>Die Tante Hilde<\/strong>\u201c meldet sich <strong>Lucas Fendrich<\/strong> mit neuer Musik zur\u00fcck. Der Christmas-Song sorgte \u00fcber die Feiertage f\u00fcr starke Streaming-Zahlen, enorme Resonanz auf Social Media sowie Top-Platzierungen.<\/p>\n\n\n\n<p>Mit seiner neuen Single \u201eMONTAG\u201c unterstreicht <strong>Lucas Fendrich<\/strong> einmal mehr, dass er musikalisch seinen Stil gefunden hat: Den in die Wiege gelegten Austropop. Authentische Dialektzeilen, ehrliche Geschichten und ein Refrain, der sofort im Kopf bleibt &#8230;<\/p>\n\n\n\n<p>Link zur Band: <br><a href=\"https:\/\/www.lucasfendrich.at\" target=\"_blank\" rel=\"noreferrer noopener\">https:\/\/www.lucasfendrich.at<\/a><\/p>\n\n\n\n<p><br><\/p>\n\n\n\n<p><strong>Veranstaltungsort:<\/strong> Wirtschaftshof, im Freien<br><strong>Eintritt: <\/strong>\u20ac 25,00 VVK | 28,00 AK<\/p>\n\n\n\n<p class=\"text_ermaessigung has-small-font-size\"><\/p>\n\n\n\n<div class=\"wp-block-buttons is-layout-flex wp-block-buttons-is-layout-flex\">\n<div class=\"wp-block-button has-custom-font-size button_oeticket has-small-font-size\"><a class=\"wp-block-button__link has-black-color has-luminous-vivid-amber-background-color has-text-color has-background has-link-color wp-element-button\" href=\"https:\/\/www.eventim-light.com\/at\/a\/676191e2967243041fa57a50\/e\/692df1555672d735b6e18f39\" style=\"border-radius:4px\" target=\"_blank\" rel=\"noreferrer noopener\">\u00fcber oeticket buchen<\/a><\/div>\n\n\n\n<div class=\"wp-block-button has-custom-font-size button_email has-small-font-size\"><a class=\"wp-block-button__link has-black-color has-luminous-vivid-amber-background-color has-text-color has-background has-link-color wp-element-button\" href=\"mailto:klangburg.rappottenstein@gmail.com?subject=Klangburg Rappottenstein - Konzertreservierung Lucas Fendrich - 31.07.2026\" style=\"border-radius:4px\" rel=\"nofollow\">E-Mail <\/a><\/div>\n<\/div>\n<\/div>\n<\/div>\n\n\n\n<p class=\"has-text-align-left text_info01 has-small-font-size\"><\/p>\n\n\n\n<p class=\"has-text-align-left has-small-font-size\">Foto: (c) Andreas W\u00f6ckinger<\/p>\n\n\n\n<hr class=\"wp-block-separator has-text-color has-cyan-bluish-gray-color has-alpha-channel-opacity has-cyan-bluish-gray-background-color has-background is-style-default\"\/>\n<\/div><\/div>\n\n\n\n<div class=\"wp-block-group\"><div class=\"wp-block-group__inner-container is-layout-constrained wp-block-group-is-layout-constrained\">\n<div class=\"wp-block-columns is-layout-flex wp-container-core-columns-is-layout-12 wp-block-columns-is-layout-flex\">\n<div class=\"wp-block-column is-layout-flow wp-block-column-is-layout-flow\">\n<p class=\"prog_datum\">Samstag, 29. August 2026 | 19:30 Uhr<\/p>\n\n\n\n<p class=\"prog_titel\">ROCKRITTER (Hauptact), TREIBHOLZ (Vorband)<\/p>\n\n\n\n<p class=\"prog_subtitel\">&#8222;Austropop meets Rock&#8220;<\/p>\n<\/div>\n<\/div>\n\n\n\n<div class=\"wp-block-columns is-layout-flex wp-container-core-columns-is-layout-13 wp-block-columns-is-layout-flex\">\n<div class=\"wp-block-column is-layout-flow wp-block-column-is-layout-flow\">\n<figure class=\"wp-block-image size-full\"><a href=\"https:\/\/www.atf.at\/klangburg\/wp-content\/uploads\/sites\/4\/2025\/12\/2026-08-29_Rockritter_Treibholz_web2.jpg\"><img loading=\"lazy\" decoding=\"async\" width=\"1803\" height=\"1713\" src=\"https:\/\/www.atf.at\/klangburg\/wp-content\/uploads\/sites\/4\/2025\/12\/2026-08-29_Rockritter_Treibholz_web2.jpg\" alt=\"Konzert Klangburg Rappottenstein Hauptact Rockritter, Vorband Treibholz\" class=\"wp-image-1589\" srcset=\"https:\/\/www.atf.at\/klangburg\/wp-content\/uploads\/sites\/4\/2025\/12\/2026-08-29_Rockritter_Treibholz_web2.jpg 1803w, https:\/\/www.atf.at\/klangburg\/wp-content\/uploads\/sites\/4\/2025\/12\/2026-08-29_Rockritter_Treibholz_web2-300x285.jpg 300w, https:\/\/www.atf.at\/klangburg\/wp-content\/uploads\/sites\/4\/2025\/12\/2026-08-29_Rockritter_Treibholz_web2-1024x973.jpg 1024w, https:\/\/www.atf.at\/klangburg\/wp-content\/uploads\/sites\/4\/2025\/12\/2026-08-29_Rockritter_Treibholz_web2-768x730.jpg 768w, https:\/\/www.atf.at\/klangburg\/wp-content\/uploads\/sites\/4\/2025\/12\/2026-08-29_Rockritter_Treibholz_web2-1536x1459.jpg 1536w\" sizes=\"auto, (max-width: 1803px) 100vw, 1803px\" \/><\/a><\/figure>\n<\/div>\n\n\n\n<div class=\"wp-block-column is-layout-flow wp-block-column-is-layout-flow\">\n<p>Bevor uns heute die Rockritter begeistern werden, wird uns die Gruppe <strong>Treibholz als Vorband<\/strong> unterhalten. &nbsp;&nbsp;<\/p>\n\n\n\n<p>Das musikalische Repertoire umfasst altes und neues vom Austropop. Aber nicht nur die bekannten Hits, sondern auch einige Rarit\u00e4ten.<\/p>\n\n\n\n<p>Link zur Band:<br><a href=\"https:\/\/www.facebook.com\/profile.php?id=100063644825295&amp;sk=about\" target=\"_blank\" rel=\"noreferrer noopener\">https:\/\/www.facebook.com\/profile.php?id=100063644825295&amp;sk=about<\/a><\/p>\n\n\n\n<p><strong>ROCKRITTER<\/strong><br>Die Band rund um S\u00e4nger Leo Fries, ist in der Rockszene kein unbeschriebenes Blatt, bietet Rock-Hits der 60er, 70er und 80er Jahre. Am Programm stehen Klassiker von ACDC, Status Quo, Deep Purple, CCR, Guns N\u2018 Roses und noch von vielen anderen namhaften Bands dieser \u00c4ra.<\/p>\n\n\n\n<p>Ein Muss f\u00fcr Liebhaber des \u201eGood Old Rock!\u201c<\/p>\n\n\n\n<p>Link zur Band:<br><a href=\"https:\/\/www.facebook.com\/rockritter\" target=\"_blank\" rel=\"noreferrer noopener\">https:\/\/www.facebook.com\/rockritter<\/a><\/p>\n\n\n\n<p><strong>Veranstaltungsort:<\/strong> Wirtschaftshof, im Freien<br><strong>Eintritt: <\/strong>\u20ac 25,00 VVK | 28,00 AK<\/p>\n\n\n\n<p class=\"text_ermaessigung has-small-font-size\"><\/p>\n\n\n\n<div class=\"wp-block-buttons is-layout-flex wp-block-buttons-is-layout-flex\">\n<div class=\"wp-block-button has-custom-font-size button_oeticket has-small-font-size\"><a class=\"wp-block-button__link has-black-color has-luminous-vivid-amber-background-color has-text-color has-background has-link-color wp-element-button\" href=\"https:\/\/www.eventim-light.com\/at\/a\/676191e2967243041fa57a50\/e\/692df4b4e54d302ec82b51a5\" style=\"border-radius:4px\" target=\"_blank\" rel=\"noreferrer noopener\">\u00fcber oeticket buchen<\/a><\/div>\n\n\n\n<div class=\"wp-block-button has-custom-font-size button_email has-small-font-size\"><a class=\"wp-block-button__link has-black-color has-luminous-vivid-amber-background-color has-text-color has-background has-link-color wp-element-button\" href=\"mailto:klangburg.rappottenstein@gmail.com?subject=Klangburg Rappottenstein - Konzertreservierung Treibholz Rockritter - 29.08.2026\" style=\"border-radius:4px\" rel=\"nofollow\">E-Mail <\/a><\/div>\n<\/div>\n<\/div>\n<\/div>\n\n\n\n<p class=\"has-text-align-left text_info01 has-small-font-size\"><\/p>\n\n\n\n<p class=\"has-text-align-left has-small-font-size\">Foto: Band Rockritter  (c): Andreas Biedermann,  Peter Koppensteiner | Band Treibholz  (c): Treibholz<\/p>\n\n\n\n<hr class=\"wp-block-separator has-text-color has-cyan-bluish-gray-color has-alpha-channel-opacity has-cyan-bluish-gray-background-color has-background is-style-default\"\/>\n<\/div><\/div>\n","protected":false},"excerpt":{"rendered":"<p>Online-Buchungen \u00fcber oeticket-light m\u00f6glich! Samstag, 13. Juni 2026 | 19:30 Uhr HORAK SPIELT OSTBAHN &#8222;Lieder, die jeder kennt, G\u00e4nsehaut und Party pur&#8220; HORAK spielt OSTBAHN ist die zeitgem\u00e4\u00dfe Version dieser Musik. Nicht mehr, nicht weniger! \u201eWir sind weder eine Ostbahn Tribute Band noch eine Ostbahn Cover Band \u2013 wir sind das ORIGINAL!\u201c, sagt Leo Bei&hellip;<\/p>\n","protected":false},"author":5,"featured_media":0,"parent":3,"menu_order":0,"comment_status":"closed","ping_status":"closed","template":"","meta":{"footnotes":""},"class_list":["post-1340","page","type-page","status-publish","hentry"],"_links":{"self":[{"href":"https:\/\/www.atf.at\/klangburg\/wp-json\/wp\/v2\/pages\/1340","targetHints":{"allow":["GET"]}}],"collection":[{"href":"https:\/\/www.atf.at\/klangburg\/wp-json\/wp\/v2\/pages"}],"about":[{"href":"https:\/\/www.atf.at\/klangburg\/wp-json\/wp\/v2\/types\/page"}],"author":[{"embeddable":true,"href":"https:\/\/www.atf.at\/klangburg\/wp-json\/wp\/v2\/users\/5"}],"replies":[{"embeddable":true,"href":"https:\/\/www.atf.at\/klangburg\/wp-json\/wp\/v2\/comments?post=1340"}],"version-history":[{"count":132,"href":"https:\/\/www.atf.at\/klangburg\/wp-json\/wp\/v2\/pages\/1340\/revisions"}],"predecessor-version":[{"id":1603,"href":"https:\/\/www.atf.at\/klangburg\/wp-json\/wp\/v2\/pages\/1340\/revisions\/1603"}],"up":[{"embeddable":true,"href":"https:\/\/www.atf.at\/klangburg\/wp-json\/wp\/v2\/pages\/3"}],"wp:attachment":[{"href":"https:\/\/www.atf.at\/klangburg\/wp-json\/wp\/v2\/media?parent=1340"}],"curies":[{"name":"wp","href":"https:\/\/api.w.org\/{rel}","templated":true}]}}